 9577492.
2, 587, 4079
What are the prime factors of 2706667?
2706667
List the prime factors of 1633183.
19, 43, 1999
What are the prime factors of 450833?
31, 14543
List the prime factors of 198307.
31, 6397
List the prime factors of 1243933.
1243933
List the prime factors of 1149502.
2, 29, 19819
List the prime factors of 89014.
2, 44507
What are the prime factors of 3150075?
3, 5, 97, 433
List the prime factors of 18451303.
13, 281, 5051
What are the prime factors of 859100?
2, 5, 11, 71
List the prime factors of 701992.
2, 47, 1867
List the prime factors of 433797.
3, 7, 13, 227
List the prime factors of 69131.
73, 947
What are the prime factors of 562718?
2, 13, 23, 941
List the prime factors of 162078.
2, 3, 7, 17, 227
What are the prime factors of 682159?
17, 40127
List the prime factors of 516920.
2, 5, 12923
List the prime factors of 22945748.
2, 7, 819491
What are the prime factors of 17249985?
3, 5, 17, 22549
List the prime factors of 2992113.
3, 110819
What are the prime factors of 364191?
3, 17, 37, 193
List the prime factors of 1969854.
2, 3, 29, 11321
List the prime factors of 539303.
539303
List the prime factors of 47922.
2, 3, 7, 163
What are the prime factors of 1670259?
3, 556753
List the prime factors of 109948.
2, 27487
List the prime factors of 11625921.
3, 53, 24373
What are the prime factors of 8356198?
2, 1531, 2729
What are the prime factors of 1578678?
2, 3, 107, 2459
List the prime factors of 1375662.
2, 3, 113, 2029
List the prime factors of 444358.
2, 41, 5419
List the prime factors of 684537.
3, 7, 37, 881
List the prime factors of 850039.
89, 9551
List the prime factors of 271488.
2, 3, 7, 101
List the prime factors of 3766597.
1009, 3733
List the prime factors of 228811.
11, 31, 61
List the prime factors of 1267900.
2, 5, 31, 409
What are the prime factors of 4179927?
3, 37, 37657
List the prime factors of 4249981.
4249981
What are the prime factors of 1237492?
2, 23, 13451
What are the prime factors of 396655?
5, 7, 1619
List the prime factors of 1081155.
3, 5, 72077
What are the prime factors of 262940?
2, 5, 13147
List the prime factors of 1364755.
5, 7, 38993
What are the prime factors of 1322238?
2, 3, 220373
What are the prime factors of 1981447?
13, 152419
What are the prime factors of 115869?
3, 13, 2971
What are the prime factors of 1152008?
2, 11, 13, 19, 53
What are the prime factors of 324560?
2, 5, 4057
List the prime factors of 317807.
7, 83, 547
What are the prime factors of 21448939?
4327, 4957
What are the prime factors of 345544?
2, 47, 919
What are the prime factors of 2831246?
2, 11, 128693
What are the prime factors of 20191068?
2, 3, 560863
What are the prime factors of 33556?
2, 8389
What are the prime factors of 1883449?
97, 19417
List the prime factors of 14710.
2, 5, 1471
What are the prime factors of 142339?
37, 3847
List the prime factors of 2229431.
17, 131143
List the prime factors of 4442992.
2, 277687
List the prime factors of 680055.
3, 5, 45337
List the prime factors of 447490.
2, 5, 73, 613
List the prime factors of 7612456.
2, 951557
List the prime factors of 2130491.
11, 17, 11393
List the prime factors of 3721220.
2, 5, 43, 4327
List the prime factors of 794493.
3, 7, 12611
List the prime factors of 2110594.
2, 199, 5303
What are the prime factors of 8004520?
2, 5, 83, 2411
List the prime factors of 614410.
2, 5, 61441
List the prime factors of 3179043.
3, 7, 50461
What are the prime factors of 123489?
3, 13721
What are the prime factors of 968813?
17, 56989
List the prime factors of 439106.
2, 181, 1213
What are the prime factors of 522109?
7, 74587
List the prime factors of 230662.
2, 115331
List the prime factors of 3373384.
2, 7, 59, 1021
List the prime factors of 663912.
2, 3, 9221
List the prime factors of 5994710.
2, 5, 17, 179, 197
What are the prime factors of 517852?
2, 37, 3499
List the prime factors of 576758.
2, 7, 13, 3169
List the prime factors of 26475.
3, 5, 353
List the prime factors of 3945145.
5, 789029
What are the prime factors of 695867?
695867
What are the prime factors of 163292?
2, 40823
What are the prime factors of 3100618?
2, 1550309
What are the prime factors of 240543?
3, 59, 151
List the prime factors of 13159504.
2, 29, 79, 359
List the prime factors of 4838033.
4838033
What are the prime factors of 1567470?
2, 3, 5, 52249
List the prime factors of 4947760.
2, 5, 23, 2689
List the prime factors of 6344748.
2, 3, 176243
What are the prime factors of 31151?
31151
List the prime factors of 685080.
2, 3, 5, 11, 173
List the prime factors of 1338183.
3, 7, 11, 1931
List the prime factors of 2034473.
7, 509, 571
What are the prime factors of 1860026?
2, 7, 132859
List the prime factors of 547531.
557, 983
List the prime factors of 16343317.
23, 197, 3607
List the prime factors of 917119.
7, 37, 3541
What are the prime factors of 2526733?
11, 229703
List the prime factors of 366386.
2, 29, 6317
List the prime factors of 302751.
3, 11213
What are the prime factors of 12686208?
2, 3, 33037
List the prime factors of 5103349.
17, 89, 3373
List the prime factors of 5738368.
2, 127, 353
What are the prime factors of 14694445?
5, 29, 101341
List the prime factors of 9145735.
5, 443, 4129
List the prime factors of 988244.
2, 17, 14533
List the prime factors of 2062875.
3, 5, 5501
List the prime factors of 6550079.
19, 103, 3347
List the prime factors of 96032.
2, 3001
List the prime factors of 122374.
2, 7, 8741
List the prime factors of 279522.
2, 3, 53, 293
What are the prime factors of 11579930?
2, 5, 19, 59, 1033
List the prime factors of 491144.
2, 29, 73
What are the prime factors of 1296209?
1296209
What are the prime factors of 3759544?
2, 269, 1747
What are the prime factors of 240675?
3, 5, 3209
List the prime factors of 983950.
2, 5, 11, 1789
What are the prime factors of 203571?
3, 22619
List the prime factors of 1825931.
31, 58901
List the prime factors of 1469601.
3, 7, 23327
What are the prime factors of 242914?
2, 7, 17351
List the prime factors of 3349952.
2, 17, 3079
List the prime factors of 529548.
2, 3, 44129
List the prime factors of 275563.
23, 11981
List the prime factors of 3017900.
2, 5, 103, 293
List the prime factors of 1817731.
59, 30809
What are the prime factors of 1963494?
2, 3, 13, 2797
List the prime factors of 64357.
139, 463
What are the prime factors of 2775229?
151, 18379
List the prime factors of 16132846.
2, 97, 137, 607
What are the prime factors of 408262?
2, 29, 7039
List the prime factors of 10478092.
2, 61, 42943
List the prime factors of 1514644.
2, 378661
What are the prime factors of 7344?
2, 3, 17
List the prime factors of 284504.
2, 11, 53, 61
List the prime factors of 2133488.
2, 7, 43, 443
What are the prime factors of 498675?
3, 5, 61, 109
List the prime factors of 4390485.
3, 5, 11, 41, 59
What are the prime factors of 16501803?
3, 41, 134161
What are the prime factors of 3753054?
2, 3, 23167
What are the prime factors of 3213323?
17, 189019
What are the prime factors of 872959?
872959
What are the prime factors of 208510?
2, 5, 29, 719
List the prime factors of 15409.
19, 811
List the prime factors of 14793046.
2, 41, 89, 2027
What are the prime factors of 512803?
512803
List the prime factors of 391810.
2, 5, 39181
What are the prime factors of 190744?
2, 113, 211
List the prime factors of 8742513.
3, 13, 97, 2311
What are the prime factors of 50786?
2, 67, 379
What are the prime factors of 4702256?
2, 13, 37, 47
List the prime factors of 22729663.
11, 17, 197, 617
List the prime factors of 3743135.
5, 11, 23, 269
What are the prime factors of 1025794?
2, 7, 11, 6661
What are the prime factors of 1662329?
19, 87491
List the prime factors of 3852132.
2, 3, 17, 23, 821
What are the prime factors of 215106?
2, 3, 35851
What are the prime factors of 11661878?
2, 311, 18749
What are the prime factors of 22051?
22051
List the prime factors of 5165639.
23, 107, 2099
List the prime factors of 1042346.
2, 521173
What are the prime factors of 47088?
2, 3, 109
List the prime factors of 991829.
23, 29, 1487
What are the prime factors of 47012?
2, 7, 23, 73
List the prime factors of 1700269.
1700269
What are the prime factors of 16008189?
3, 2039, 2617
What are the prime factors of 379557?
3, 181, 233
What a